 z*j + 5*m. Determine y(j).
10
Let c(u) = 2 - 2 - 8*u**2. Suppose 0 = -2*j - 2*r + 16, 2*j + 2878 = 5*r + 2845. Calculate c(j).
-8
Suppose -179*w - 6192 = -50*w. Suppose 5*h + b - 100 = 0, -2*b - 80 = -4*h - 4*b. Let c be (-4)/(w/h)*-3. Let t(d) = d + 12. What is t(c)?
7
Suppose 2*w + 36 = 4*f - 0*w, -5*w + 22 = 4*f. Let q(m) be the third derivative of -m**4/6 + 275*m**2. Determine q(f).
-32
Let j(o) = 9*o - 11*o + 5 + o**2 - 6*o. Let l = 289 + -193. Suppose -15*x + l = x. What is j(x)?
-7
Let y be (-28)/21*(-11)/66 - 2/(-18). Let p(n) be the third derivative of -5/6*n**3 + 0*n - y*n**4 - 23*n**2 - 1/120*n**6 + 7/60*n**5 + 0. What is p(6)?
-17
Let a(i) = 56*i**3 - 3*i**2 - 55*i**3 + 31 + 51814*i - 51831*i + 26. Determine a(4).
5
Let s(k) = 4*k**3 + 4*k**2 - 66*k + 29. Let m(d) = -d**3 - d**2 + 14*d - 6. Let l(v) = -14*m(v) - 3*s(v). Determine l(2).
25
Suppose -12 = -2*u - 4*w, -7*u + 9*u - 4*w = -12. Let j(f) = f**3 + f**2 + 30. Give j(u).
30
Let w(a) = -a**3 + 7*a**2 - 6*a + 6. Suppose 32*d - 181 = 20 + 23. Calculate w(d).
-36
Let b(y) be the third derivative of y**6/720 + y**5/30 + y**4/6 - 4*y**2. Let u(a) be the second derivative of b(a). Suppose -8*i - 7*i = 45. Determine u(i).
1
Let q(o) = -9 - 9 + 29 - 7 - 13 + 11*o. What is q(5)?
46
Let t(l) = l**2 + 5*l + 2. Let k(g) = 43*g**2 - 430*g - 5. Let q be k(10). Give t(q).
2
Let w(y) = -y**3 + 33*y**2 - 26*y**2 + 18*y + 24 - 21 - 25*y**2. Determine w(-19).
22
Let c(m) be the first derivative of 0*m - 1/120*m**5 - 8 + 0*m**4 + 0*m**2 + m**3. Let d(f) be the third derivative of c(f). Give d(-3).
3
Let d(s) = 4*s - 6. Suppose -3 = -112*i + 113*i. Let b be 6*(-1)/2 + 9. Let q be 8/i*(-9)/b. What is d(q)?
10
Suppose 0 = 5*w - 5*d - 10, -5*w - 19*d + 23*d = -8. Let r(i) = -i**3 - 3*i + 6. Let m be r(w). Let p(g) = -g**2 + 6*g - 5. Calculate p(m).
-5
Suppose -10*i - 8 = 12. Let u = 24 - i. Suppose -6*d = -22 - u. Let c(f) = 2*f - 3. Calculate c(d).
13
Let l(x) be the third derivative of -x**7/2520 + x**6/360 - 3*x**5/10 - 13*x**2. Let p(s) be the third derivative of l(s). Suppose 6*f + 5 = 7*f. What is p(f)?
-8
Let g(u) = -u**3 - 6*u**2 + 10*u - 1. Let t(o) = -3*o - 7. Let h = -162 + 162. Let y be t(h). Give g(y).
-22
Let s(x) = -3*x**3 - 16*x**2 - 38*x - 21. Let p(o) = -7*o**3 - 32*o**2 - 85*o - 42. Let c(n) = -2*p(n) + 5*s(n). Give c(-15).
54
Suppose -96 + 88 = 22*z + 14. Let q(r) be the first derivative of 3*r**2 + 2*r + 1. What is q(z)?
-4
Let h(g) = -g**3 - 6*g**2 + 8*g + 6. Suppose 12*z = 2*z + 40. Suppose 180 = -2*t - 0*t - z*p, 0 = t - p + 84. Let j = -93 - t. What is h(j)?
-1
Let o(d) = d**3 + 4*d**2 - 3*d + 2. Suppose -41*n + 13*n + 21 = 133. What is o(n)?
14
Let n(w) be the first derivative of -w**2/2 + 8*w + 1. Suppose 0 = 2*h + 4*a - 48, 0 = -h + 4*a + 70 - 76. Give n(h).
-6
Let i(m) be the first derivative of m**4/12 + 11*m**3/6 + 5*m**2 - 6*m + 64. Let s(k) be the first derivative of i(k). Determine s(-8).
-14
Suppose -63972*s + 63976*s - 68 = 0. Let d(f) = -2*f**3 + 34*f**2 - f + 18. Calculate d(s).
1
Let j = -242 + 250. Let l(h) = -5 + 10*h**3 + 11*h**3 - 7*h**2 - 9*h - 20*h**3. Calculate l(j).
-13
Let x = 100 + -48. Let k(t) = 53*t - x*t - 25 + 28. Give k(-10).
-7
Let j be (-4)/2 - (1 + 0). Let f(g) = -142*g + 582*g - 141*g + g**2 - 149*g - 146*g + 3. Determine f(j).
0
Let q be -5*((-10)/(-2))/(-5). Suppose 5*w + 0*w = 0, 15 = q*s + w. Let p(o) = 4*o + 1 + 1 - 2*o**s + 6*o**2 + 3*o**3 + 3*o. Calculate p(-5).
-8
Let z(u) be the second derivative of u**4/6 - 7*u**3/6 + 9*u**2/2 - 54*u - 10. Let r = -36 - -41. Determine z(r).
24
Let x(m) = -2*m**3 + 23*m**2 + 11*m + 18. Suppose 10*s - 6*s - 28 = 4*c, -4*s + 5*c = -23. Calculate x(s).
6
Let s(t) = 2*t**2 - 2*t - 4. Suppose 0 = -f - 5*r + 17, 10*f - 2*r - 10 = 9*f. Let d be (-9)/6*f/9. Determine s(d).
8
Let i(k) = -27*k - 186. Let o = 5481 - 5488. Give i(o).
3
Let t(s) = 2*s + 0*s**2 + 2*s**3 + 16*s**2 + 6 - 6*s + 4*s + 2*s. Calculate t(-8).
-10
Let u(s) be the second derivative of 5*s**3/2 + 215*s**2/2 + 177*s - 11. Determine u(-16).
-25
Let v(j) = 2*j**2 + 5*j - 1. Let w = -257 - -252. Let f(i) = -3*i**2 - 7*i + 1. Let r(p) = w*f(p) - 7*v(p). Determine r(5).
27
Let q = 3016 - 3016. Let g(i) be the second derivative of 5/12*i**4 - 1/6*i**3 + 1/20*i**5 + 20*i + q - 7/2*i**2. Determine g(-5).
-2
Let g(x) be the first derivative of x**5/20 - x**4/12 + x**3/3 - 96*x + 188. Let u(b) be the first derivative of g(b). Determine u(0).
0
Let m(g) = -14*g + 35. Suppose 7*u = -156 - 89. Let i(s) = s - 3. Let b(w) = u*i(w) - 3*m(w). Calculate b(-1).
-7
Let p be 5310/39 - 8/52. Let w(v) = -74 - 64 + p - v**3 + 5*v**2 - 4*v. Give w(4).
-2
Let m(v) = 2*v**2 + 6*v + 3*v - 30 - 9*v - 4*v. Give m(6).
18
Let x(q) = -q**3 + 7*q**2 + 11*q - 30. Let u = 2 - -6. Give x(u).
-6
Let o be (252/(-30))/((-3)/10). Suppose 4 - o = 4*m. Let q(y) = -2*y**3 - 5*y**2 + 4*y - 6 + y**3 + 2*y + 0. Determine q(m).
-6
Let c(t) be the second derivative of -t**3/6 + t. Let y be ((-1)/(-3) - 20/6)/(-5 + 2). Let n(s) = -3*s + 7. Let l(j) = y*n(j) - 2*c(j). Give l(9).
-2
Let u = -6559 - -6541. Let c(g) = g**3 + 17*g**2 - 25*g - 62. Calculate c(u).
64
Suppose 5*y + 4*a - 36 = 0, -2*a + 12 = -2*y + 3*a. Let c(b) = b**2 + y*b**2 - 31 - b**3 + 20 + b + 14. Give c(4).
23
Let u(d) be the second derivative of 7*d**3/6 + d**2/2 + 20*d + 14. Calculate u(1).
8
Let x(p) = 5*p**3 + 55*p**2 + 15*p + 11. Let b(a) = 5*a**3 + 54*a**2 + 18*a + 12. Let s(r) = 5*b(r) - 6*x(r). Give s(-12).
-6
Let t be (-45)/(-18)*12/(-5). Let n(y) = 34 + 27 + 27 - 86 - y. What is n(t)?
8
Let v(j) = 4*j - 17. Suppose -3*d = 2*a + 145, 4*d + 200 = -0*a - a. Let l = -46 - d. Let y be v(l). Let q(o) = o**2 - 4*o - 4. What is q(y)?
-7
Let b(m) = 15*m + 61. Let w be 0*(-18)/(-180) + (-2 - 2/1). Determine b(w).
1
Suppose -48 = -13*b + 17. Suppose 0 = -4*x + c - 5*c + 12, -x + 3*c = b. Let v(m) = -9*m**3 + 3*m - 2. Calculate v(x).
-8
Let t(j) = -2*j - 23. Suppose -r + 51 = 4*a, -2*a - 82*r = -87*r - 31. Calculate t(a).
-49
Let j = -29 + 33. Let p be (-2 - 2/(-2))/((-2)/j). Let k(z) = -2 + 5*z**p - 5*z + 5 - 9*z**3 + 10*z**3. Calculate k(-6).
-3
Let v(a) = -20*a**2 + 4*a**2 - 41*a + 37*a**2 + 194 - 5*a**3 + 23*a**2 + 6*a**3. Calculate v(-45).
14
Let z(k) = 7*k + 12. Let c(m) = 67*m + 100. Let f(i) = -23*i - 34. Let t(b) = 4*c(b) + 11*f(b). Let w(l) = -6*t(l) + 13*z(l). Determine w(1).
1
Suppose -5*i + 3*d - 6 = 0, 3*d - 4 = 3*i + 2. Suppose i = 5*s + 2 + 48. Let p be (-24)/(-9) + s/6. Let c(u) = 11*u**3 + u - 1. What is c(p)?
11
Let a(h) be the second derivative of -1/6*h**3 - 7/5*h**5 + 0*h**4 + 1/2*h**2 + 8 - 2*h. Calculate a(1).
-28
Let p(h) = 2*h - 56. Let y(r) = -2*r + 128. Let n(c) = -9*p(c) - 4*y(c). Calculate n(-3).
22
Suppose -125*h = -128*h + 90. Suppose h = 3*b - 13*b. Let m(q) = -2*q**2 - 5*q - 2. Give m(b).
-5
Suppose 42 - 4 = 5*x + 16*r, 3*x + 5*r - 9 = 0. Let q(f) = -3*f - 12. Calculate q(x).
-6
Let z(y) = -y**2 - 50*y - 335. Let l(v) = -55*v + 728. Let b be l(14). Determine z(b).
1
Let y be (-128)/14 + 560/392 + (-9)/7. Let f(q) = 6*q + 28. Give f(y).
-26
Let y(n) = 9*n**2 - 6*n + 1. Let u(k) = -k**2 - k. Let q(f) = -5*u(f) + y(f). Let m be (2 - (-14)/(-4)) + (-18972)/(-72). Suppose m*c - 8 = 254*c. Give q(c).
14
Let g = 142 - 108. Suppose -g*m = -29*m. Suppose 3*v + 119 - 116 = m. Let s(j) = -2*j. Determine s(v).
2
Let g(k) = -2*k**2 + k**2 + 2*k + 3 + 0. Let o(z) = z**3 + 19*z**2 + 3*z + 67. Let x be o(-19). Suppose -5*t - 33*q = -29*q - x, -25 = -5*q. Determine g(t).
-5
Let g be (-3)/2*1160/(-60). Suppose -g*v = -26*v - 15. Let d(s) = 4*s - 2. Determine d(v).
18
Let v be 1/(((-8)/10)/(-4)). Let x(n) = -n**3 + n - 1. Let o(h) = 4*h**3 + 4*h**2 - h + 12. Let t(m) = o(m) + 5*x(m). What is t(v)?
2
Let j(y) = y**3 + 9*y**2 - 6*y - 109. Let f = -18449 + 18442. What is j(f)?
31
Let f(d) = -d**2 + 14*d - 1. Suppose -110 = -2*m - 2*v, 122 = 2*m - 11*v + 7*v. Suppose 4*t - m = -1. What is f(t)?
-1
Let c(v) = v**3 + 54*v**2 + 152*v - 52. Let b = -14124 - -14073. Give c(b).
-1
Let y(p) = -p**3 - p**2 + 2*p - 1. Let c = -181 + 472. Let q = 289 - c. Determine y(q).
-1
Let x(a) = -1872*a + 7482*a - 1875*a - 1868*a - 1866*a - 1. Let o = 0 + -9. Determine x(o).
-10
Let y(z) = -z. Suppose 0 = -17*a + 10*a. Suppose a =